er when 20849 is divided by 1389.
14
Calculate the remainder when 29314 is divided by 811.
118
What is the remainder when 6969095 is divided by 36?
35
What is the remainder when 2912 is divided by 693?
140
Calculate the remainder when 4504 is divided by 12.
4
What is the remainder when 1309676 is divided by 211?
210
What is the remainder when 24398 is divided by 538?
188
Calculate the remainder when 541843 is divided by 208.
3
Calculate the remainder when 8006 is divided by 3281.
1444
What is the remainder when 33182 is divided by 27?
26
Calculate the remainder when 62268 is divided by 41.
30
Calculate the remainder when 2385702 is divided by 62.
4
What is the remainder when 241288 is divided by 14?
12
Calculate the remainder when 3308758 is divided by 35.
33
Calculate the remainder when 194468 is divided by 123.
5
What is the remainder when 498426 is divided by 236?
230
Calculate the remainder when 250224 is divided by 645.
609
What is the remainder when 49764 is divided by 56?
36
Calculate the remainder when 1906 is divided by 305.
76
What is the remainder when 454918 is divided by 680?
678
What is the remainder when 14730 is divided by 4907?
9
What is the remainder when 53787 is divided by 555?
507
Calculate the remainder when 22983 is divided by 34.
33
What is the remainder when 422962 is divided by 18?
16
Calculate the remainder when 368 is divided by 347.
21
Calculate the remainder when 69600 is divided by 31.
5
What is the remainder when 91074 is divided by 63?
39
What is the remainder when 22734 is divided by 60?
54
Calculate the remainder when 43170 is divided by 10709.
334
Calculate the remainder when 3404 is divided by 165.
104
What is the remainder when 44081 is divided by 1836?
17
Calculate the remainder when 565429 is divided by 1154.
1123
Calculate the remainder when 79775 is divided by 24.
23
Calculate the remainder when 11905970 is divided by 597.
596
What is the remainder when 40909 is divided by 8138?
219
Calculate the remainder when 4225 is divided by 19.
7
Calculate the remainder when 496703 is divided by 11.
9
Calculate the remainder when 42752 is divided by 10688.
0
What is the remainder when 761 is divided by 9?
5
What is the remainder when 35335 is divided by 11775?
10
Calculate the remainder when 965 is divided by 240.
5
Calculate the remainder when 20044 is divided by 35.
24
Calculate the remainder when 5641 is divided by 352.
9
What is the remainder when 9156 is divided by 9146?
10
What is the remainder when 279057 is divided by 69755?
37
What is the remainder when 39907 is divided by 45?
37
What is the remainder when 554435 is divided by 92405?
5
What is the remainder when 3268 is divided by 3252?
16
Calculate the remainder when 9276 is divided by 189.
15
What is the remainder when 17929 is divided by 3582?
19
Calculate the remainder when 735 is divided by 363.
9
Calculate the remainder when 207956 is divided by 941.
936
Calculate the remainder when 23332 is divided by 970.
52
Calculate the remainder when 444247 is divided by 148034.
145
Calculate the remainder when 7021 is divided by 900.
721
Calculate the remainder when 14182 is divided by 7056.
70
What is the remainder when 1529723 is divided by 1423?
1421
What is the remainder when 196129 is divided by 681?
1
Calculate the remainder when 5262 is divided by 353.
320
What is the remainder when 58808 is divided by 442?
22
What is the remainder when 916 is divided by 296?
28
Calculate the remainder when 61 is divided by 12.
1
What is the remainder when 1193 is divided by 403?
387
Calculate the remainder when 503 is divided by 160.
23
Calculate the remainder when 2580 is divided by 626.
76
Calculate the remainder when 8655 is divided by 306.
87
Calculate the remainder when 938953 is divided by 938942.
11
Calculate the remainder when 420335 is divided by 210165.
5
What is the remainder when 145530 is divided by 31?
16
What is the remainder when 112417 is divided by 97?
91
What is the remainder when 27238 is divided by 214?
60
What is the remainder when 2508 is divided by 2477?
31
What is the remainder when 186937 is divided by 303?
289
What is the remainder when 20792 is divided by 20768?
24
What is the remainder when 14203 is divided by 76?
67
Calculate the remainder when 8422 is divided by 8387.
35
Calculate the remainder when 2496 is divided by 158.
126
What is the remainder when 2150 is divided by 368?
310
Calculate the remainder when 10805795 is divided by 1476.
1475
What is the remainder when 600 is divided by 43?
41
Calculate the remainder when 344927 is divided by 25.
2
Calculate the remainder when 122532 is divided by 61258.
16
Calculate the remainder when 907 is divided by 145.
37
Calculate the remainder when 12281 is divided by 256.
249
What is the remainder when 49059 is divided by 336?
3
Calculate the remainder when 392743 is divided by 65456.
7
What is the remainder when 1794 is divided by 29?
25
What is the remainder when 2617 is divided by 826?
139
Calculate the remainder when 371 is divided by 257.
114
What is the remainder when 68202 is divided by 105?
57
What is the remainder when 24569 is divided by 37?
1
Calculate the remainder when 773 is divided by 212.
137
What is the remainder when 3704 is divided by 170?
134
Calculate the remainder when 447626 is divided by 177.
170
Calculate the remainder when 211571 is divided by 6044.
31
Calculate the remainder when 1521 is divided by 41.
4
Calculate the remainder when 74667 is divided by 38.
35
Calculate the remainder when 73519 is divided by 102.
79
Calculate the remainder when 247576 is divided by 57.
25
What is the remainder when 79129 is divided by 130?
89
What is the remainder when 64877 is divided by 16217?
9
What is the remainder when 151822 is divided by 161?
160
What is the remainder when 2754 is divided by 31?
26
What is the remainder when 729 is divided by 117?
27
Calculate the remainder when 35425 is divided by 1482.
1339
What is the remainder when 30344 is divided by 36?
32
Calculate the remainder when 30663 is divided by 1460.
3
Calculate the remainder when 18796 is divided by 2078.
94
What is the remainder when 6333 is divided by 1993?
354
What is the remainder when 4741414 is divided by 972?
970
What is the remainder when 21908 is divided by 327?
326
What is the remainder when 59926 is divided by 454?
452
What is the remainder when 1517 is divided by 498?
23
What is the remainder when 1167 is divided by 7?
5
What is the remainder when 244930 is divided by 549?
76
Calculate the remainder when 1672 is divided by 135.
52
What is the remainder when 59649 is divided by 14909?
13
What is the remainder when 3663 is divided by 96?
15
What is the remainder when 34335 is divided by 291?
288
Calculate the remainder when 2798489 is divided by 54.
47
Calculate the remainder when 23222 is divided by 23160.
62
What is the remainder when 5539 is divided by 1792?
163
Calculate the remainder when 1260 is divided by 119.
70
Calculate the remainder when 135679 is divided by 497.
495
What is the remainder when 3697 is divided by 924?
1
Calculate the remainder when 128820 is divided by 41.
39
What is the remainder when 2746 is divided by 27?
19
What is the remainder when 88637 is divided by 12?
5
What is the remainder when 2010 is divided by 56?
50
What is the remainder when 4455 is divided by 23?
16
Calculate the remainder when 838686 is divided by 195.
186
Calculate the remainder when 8434 is divided by 525.
34
What is the remainder when 122043 is divided by 5547?
9
What is the remainder when 808525 is divided by 48?
13
Calculate the remainder when 176407 is divided by 10.
7
Calculate the remainder when 83262 is divided by 195.
192
Calculate the remainder when 1066 is divided by 354.
4
Calculate the remainder when 18639 is divided by 2043.
252
Calculate the remainder when 31272 is divided by 979.
923
What is the remainder when 2311546 is divided by 43?
38
Calculate the remainder when 9105 is divided by 194.
181
Calculate the remainder when 1822 is divided by 49.
9
Calculate the remainder when 35980 is divided by 2998.
4
Calculate the remainder when 353456 is divided by 117.
116
What is the remainder when 117640 is divided by 456?
448
Calculate the remainder when 7248 is divided by 39.
33
Calculate the r